 Let s(l) = -2*l**3 + 2*l**2 + 2*l. Let z be s(2). What is h(z)?
6
Let v(l) = -l**3. Let h(g) = 4*g**3 - 6*g**2 + 4*g + 1. Let q(p) = -h(p) - 3*v(p). Give q(5).
4
Let j(n) = -n - 3. Let u be j(-3). Let k(h) = -h**2 + 4. Calculate k(u).
4
Let s(q) be the second derivative of 3*q**8/2240 - q**5/120 + q**4/6 + q. Let j(a) be the third derivative of s(a). Calculate j(1).
8
Let i = 0 - -4. Let o(d) be the third derivative of d**5/60 + d**4/8 + d**3/6 + 3*d**2. Let c(v) be the first derivative of o(v). Calculate c(i).
11
Suppose 0*i = -g + 5*i - 2, 5*i = 5*g + 30. Let k(p) = p + 3. What is k(g)?
-4
Suppose -2*x - 14 = 2*q, 2*x + 2*x - 2*q = -22. Let o(p) = -p**2 - 5*p. What is o(x)?
-6
Let d(w) = -w**3 + 8*w**2 - w + 8. Let r(x) = x**3 - 12*x**2 - 13*x + 8. Let s be r(13). What is d(s)?
0
Let c(b) = b**2 - 7*b + 9. Let w be c(6). Let q(k) = k + 7 + 3*k**2 - w + 2*k**3 - k**3. Let j be (2/2)/((-1)/3). What is q(j)?
1
Let m be ((-12)/14)/((-1)/7). Let v(l) = l - 6. Let g be v(m). Let k(b) be the third derivative of b**5/60 - b**4/24 - b**3/6 + b**2. Give k(g).
-1
Let q(m) = -m**2 - 3*m + 4. Let h(n) be the third derivative of n**4/12 + n**3/3 + 3*n**2. Let z be h(-3). Determine q(z).
0
Let j(a) = a**2 - 7*a + 0*a + a - a. Calculate j(6).
-6
Let i(z) = -6*z**2 + 23*z**2 - 2*z - 6 - 16*z**2. Determine i(7).
29
Let m be 2/(-2) + (-4)/(-1). Let j = 8 - m. Let d(q) = q**3 - 5*q**2 - 4*q + 7. What is d(j)?
-13
Let s(a) = a**3 + 3. Let f be (-66)/(-6) - (1 - 0). Suppose -3*i + 5*h = 25, 0 = 3*i + 3*h - h - f. What is s(i)?
3
Let c(j) = j**3 + 4*j**2 + 3*j + 4. Let p = -22 + 13. Let k = 5 + p. What is c(k)?
-8
Suppose -3 - 1 = -2*p. Let b(u) be the first derivative of u**4/2 - 4*u**3/3 + u**2 + u + 45. What is b(p)?
5
Let l(x) be the first derivative of x**4/4 + x**3 - 5*x**2/2 + 3*x - 3. Suppose -4*q = -8*q - 8, -8 = j + 2*q. What is l(j)?
7
Let s(n) = n**2 - 3*n + 1. Let d be s(3). Let r(v) be the first derivative of -1/2*v**2 + 0*v + 2*v**3 + 2. Calculate r(d).
5
Let b(q) be the third derivative of -q**6/120 - q**5/15 + q**4/12 + q**3/6 - 5*q**2. Determine b(-4).
-7
Let m(p) = -3 - 177*p - 2 + 176*p + 4. Let j(z) = -z**3 - 2*z**2 - z. Let h be j(-1). What is m(h)?
-1
Let s(u) = -u**3 - u**2 - 7. Let c be (-15)/(-3) - 0/(-4). Let a(f) = 2*f - 10. Let n be a(c). What is s(n)?
-7
Let a(n) be the third derivative of -4*n**2 + 2/3*n**3 + 1/4*n**4 + 0*n + 1/60*n**5 + 0. Give a(-6).
4
Let s(a) be the third derivative of -a**4/12 - 7*a**3/6 - 31*a**2. What is s(-6)?
5
Let a(l) = l**2 - 5*l - 6. Let d be a(6). Suppose -x + 3*j - 9 = d, -5*x = j - 8 - 11. Let y(t) = 5 - t**2 + 13 - 20 + 6. What is y(x)?
-5
Let q(x) = -21 - 24 - 4*x + 79 - 26. Determine q(7).
-20
Let n(i) = -4*i - 5 + 3 + 3*i. Let x be (2/(-6))/((-1)/(-3)). Let l = x + -5. Calculate n(l).
4
Let y(h) = -2*h**2 - 2*h - 1. Let p = 35 - 36. Calculate y(p).
-1
Suppose 0 = 5*u - 5*a - 25, -u - a + 7 = u. Suppose -16 = u*d + 8. Let l(s) = -s - 7. Calculate l(d).
-1
Let g = -15 - -19. Let n(k) = k**2 + 0*k**2 - 4*k**2 + g*k**2 - 6*k - 3. Calculate n(6).
-3
Let v(y) = -y**3 + 4*y**2 + 6*y - 7. Suppose k + 29 = 9. Let w = -10 - k. Suppose o + o = w. Determine v(o).
-2
Let s(w) be the second derivative of -w**4/12 - w**3/6 + w**2 - 3*w. Let k(n) = -n**2 - n + 3. Let g(x) = -2*k(x) + 3*s(x). Calculate g(-1).
0
Let b(x) = -x**3 + 9*x**2 - 7*x - 2. Let m be b(8). Suppose 0 - m = q. Let d = -3 - q. Let g(p) = -4*p + 4. Give g(d).
-8
Let y(v) = 2*v - 1 + 0*v - 5 + 10. Calculate y(-4).
-4
Let v(r) = -7*r**2 + 2*r + 7. Let i(a) = -5*a**2 + 4. Let k(s) = s**2 + s. Let w(n) = -i(n) - k(n). Let h(g) = 3*v(g) + 5*w(g). What is h(-2)?
-5
Let v(x) = 2*x**3 + 2*x**2 - 2*x - 1. Let y be (4 + -3 + 1)*-1. Give v(y).
-5
Suppose -3*g = i - 10, -24 = -5*g - i - 10. Let q(p) = 4*p**2 + p. Let f(n) = -3*n**2 - 1. Let y(v) = -3*f(v) - 2*q(v). What is y(g)?
3
Let o(w) = -w**2 - 4*w - 5. Let m be (0/(-2) - 1) + 3. Suppose -m*f = f + 12. Determine o(f).
-5
Let w(n) = -n - 1. Let r(l) = 8*l + 5. Let b(d) = r(d) + 6*w(d). Calculate b(-2).
-5
Let a(r) = r**2 + 7*r - 1. Suppose -4*p + 28 = -0*z - 4*z, 5*p - 17 = -4*z. Let j be 30/3*1/z. Give a(j).
-11
Let j(m) = 2*m**2 - 2*m - 3. Let n(r) = r**2 - r - 3. Let t be n(-2). What is j(t)?
9
Suppose x + 3 = -3*l + 14, 0 = -5*l + 20. Let j(h) = -5*h**2 - h. Calculate j(x).
-4
Let a(g) = 12*g**2 + 5*g - 11. Let t(h) = -4*h**2 - 2*h + 4. Let x(z) = 3*a(z) + 8*t(z). Calculate x(-1).
4
Let x = 1 - -2. Let i = -17 + 33. Let m(a) = -1 + a**2 - 1 - 15*a + i*a. Determine m(x).
10
Suppose -6 = 4*m - 3*n, 5*n - 4 - 6 = 4*m. Let k(i) = -i + 2. Determine k(m).
2
Let n(w) = 5*w**3 - w + 1. Let t be n(1). Let i(b) = -b**3 + 9*b**2 + 6*b + 6. Let o(y) = y**2. Let h(u) = -i(u) + 5*o(u). What is h(t)?
-11
Let p(j) = 3*j + j - j**3 + 2 - 3*j. Let g be 1 + (-4)/4 + 2. Give p(g).
-4
Let o(l) be the first derivative of -l**3/3 + 3*l**2 + 7*l - 50. Give o(6).
7
Let m(y) = 2*y + 1. Let u(a) = 6*a. Let c be u(-2). Let t = -8 - c. Suppose 5*q - t*q = -2. Give m(q).
-3
Let i(w) = -w**2 - 1. Let u(r) = r**3 + r**2 - r + 5. Let b(n) = -5*i(n) - u(n). What is b(3)?
12
Let s(d) = -6*d**2. Let b be (-28)/(-6) + (-4)/(-12). Suppose b*l = l. Suppose 5*p - 10 + 5 = l. What is s(p)?
-6
Let h(w) = w**2 + 6*w + 3. Suppose 5*t - 4*f = -20, f - 9 = 2*t - 1. Give h(t).
-5
Let g(q) = -q**2 + 2 + 5*q**2 - 2*q**2 - 5*q - q**2. Let v(c) = -3 + 3*c - 2 - c. Let u be v(5). What is g(u)?
2
Let q(y) = -y**2 - 3*y - 1. Let o(u) = 2*u + 4. Let l be o(-3). Calculate q(l).
1
Let r(u) be the third derivative of 7*u**6/720 - u**5/120 - u**4/12 - u**2. Let c(k) be the second derivative of r(k). Determine c(2).
13
Let v(w) = w**3 - 4*w**2 + 4*w. Suppose -4*g + 6 + 6 = 0. Determine v(g).
3
Let c(m) = m**2 - 6*m - 3. Let x be c(7). Let z(f) = -8*f**2 - 18*f + 6. Let a(p) = 3*p**2 + 6*p - 2. Let d(t) = -11*a(t) - 4*z(t). Give d(x).
6
Let w(z) = -z**2 + 4*z + 3. Let i(j) = 4*j**2 - 13*j - 9. Suppose 10*m = 5*m - 35. Let t(b) = m*w(b) - 2*i(b). What is t(-2)?
-3
Let h be 6/(-9)*6/(-4). Let g(o) = 2*o**2 - 13*o**3 + 14*o + 0*o**2 - 15*o. Calculate g(h).
-12
Let g(l) = l**3 - 9*l**2 - 2*l + 16. Let y be g(9). Let b(c) be the second derivative of -2*c**3/3 - c**2/2 + c. Give b(y).
7
Let q(x) = 9*x**2 - 6*x - 11. Let n(k) = 4*k**2 - 3*k - 5. Let m(u) = u**3 - 7*u**2 + 7*u - 4. Let t be m(6). Let w(s) = t*q(s) - 5*n(s). What is w(3)?
-6
Let m(y) be the first derivative of y**4/4 - 5*y**3/3 + 5*y**2/2 - 5*y + 19. Determine m(4).
-1
Let c = -44 - -44. Let j(f) = -f**3 - f + 3. Calculate j(c).
3
Let g(t) = t**3 - 26*t**2 + 8. Let p be g(26). Let h(u) = u - 1. Let c(y) = 4*y - 10. Let s(k) = c(k) - 3*h(k). Determine s(p).
1
Let l(w) be the first derivative of w**4/4 - 7*w**3/3 + 7*w**2/2 + 4*w + 4. Calculate l(6).
10
Let s(v) = -3*v**3 - 2*v**2 + 2*v. Let z be s(-2). Let y be 4/(-3)*z/(-4). Let g(j) = j**3 - 4*j**2 + j + 4. What is g(y)?
8
Let l(t) = -2*t**2 - 27*t + 12. Let x be l(-14). Let b(u) = 2*u**3 - 4*u**3 - 2*u**2 + 2*u + 0*u**2. What is b(x)?
4
Let p(o) = o**2 - 9*o - 7. Let t be p(10). Suppose -2*h + 16 = u, -2*u + t*u + 3*h = 21. Let c(v) = -2*v + 7. Give c(u).
-5
Let k = -15 + 17. Let b(s) = -s**3 + s**2. Calculate b(k).
-4
Let g(q) = 15*q**2 - 5. Suppose 36 + 8 = -4*i. Let p(d) = 3*d**2 - 1. Let f(o) = i*p(o) + 2*g(o). What is f(1)?
-2
Let j(k) = -k - 4. Let n be 3/((-6)/4) + 7. Suppose -u - n = 1. Give j(u).
2
Let v be 9/((-135)/(-24)) - 4/(-10). Let z(d) = d**3 - 3*d**2 + 2*d - 1. Give z(v).
-1
Let q(z) = -z + 4. Let u = 3 - -5. Suppose -p + 2*c = -u - 2, -5*p + 3*c + 29 = 0. Give q(p).
0
Let i(n) = 2*n**2 + 2*n - 2. Let h(g) = -g**2 - 9*g - 2. Let d be h(-8). Suppose 3*f + 18 = d, 5*m + 6 = -4*f. Suppose 0 = b - 2*b + m. Give i(b).
10
Let x(u) be the third derivative of -1/15*u**5 + 0*u - 1/24*u**4 + 0 - 1/6*u**3 + 6*u**2 - 1/120*u**6. Give x(-3).
-7
Let y(d) = -d**3 - 4*d**2 - 5*d - 3. Let g be y(-3). Suppose 3*f = -g - 3. Let r(i) = 4*i - 1. Determine r(f).
-9
Let p be (6/(-10))/((-1)/15). Let l = p + -5. Let r(c) = -c**3 + 5*c**2 - 3*c - 2. Give r(l).
2
Let k be ((-10)/(-15))/((-2)/(-6)). Let q(d) = d**2 - 5*d + 2. Give q(k).
-4
Let k(s) = 2*s - 25. Let f be k(11). Let m(u) = -u**3 - 4*u**2 - 2*u. Calculate m(f).
-3
Let b = -6 + 6. Suppose v